
True
Does 57 divide 9015361?
False
Does 9 divide 42806?
False
Does 18 divide 92053?
False
Does 957 divide 4881657?
True
Does 24 divide 5324088?
True
Is 166 a factor of 119073?
False
Is 206304 a multiple of 56?
True
Is 72 a factor of 1309536?
True
Is 11 a factor of 120769?
True
Does 26 divide 137784?
False
Does 207 divide 232712?
False
Is 106 a factor of 226835?
False
Is 50 a factor of 512731?
False
Is 763675 even?
False
Does 14 divide 326178?
False
Is 76840 a multiple of 40?
True
Is 49 a factor of 863723?
True
Is 105648 a multiple of 110?
False
Does 3 divide 40487?
False
Is 6 a factor of 1368192?
True
Is 12 a factor of 103452?
True
Is 5 a factor of 1673272?
False
Is 2096778 a multiple of 228?
False
Is 373033 a multiple of 211?
False
Does 5 divide 249678?
False
Is 231 a factor of 772926?
True
Does 28 divide 293076?
True
Is 27790404 a multiple of 690?
False
Does 4 divide 30301?
False
Is 45 a factor of 36040?
False
Is 97 a factor of 2998173?
True
Is 105 a factor of 23729?
False
Is 2419 a multiple of 44?
False
Is 3 a factor of 548958?
True
Is 120060 a multiple of 12?
True
Is 239517 a multiple of 134?
False
Is 28 a factor of 4858990?
False
Is 150 a factor of 4729050?
True
Is 37740 a multiple of 185?
True
Is 22 a factor of 1344517?
False
Does 17 divide 160293?
True
Does 47 divide 644511?
True
Does 32 divide 2784608?
True
Is 20 a factor of 9291?
False
Does 37 divide 1516473?
False
Is 10200062 a multiple of 343?
False
Does 22 divide 29682272?
False
Is 201128 a multiple of 19?
False
Is 30734 a multiple of 91?
False
Is 11730 a multiple of 3?
True
Is 160 a factor of 469723?
False
Is 73 a factor of 366645?
False
Is 5834624 a multiple of 8?
True
Is 1865358 a multiple of 33?
True
Does 4 divide 36025?
False
Is 304 a factor of 1280215?
False
Is 66135 a multiple of 15?
True
Does 249 divide 901959?
False
Does 4 divide 34415?
False
Is 426318 a multiple of 108?
False
Is 60588 a multiple of 6?
True
Is 262136 a multiple of 23?
False
Is 132 a factor of 64899?
False
Does 275 divide 380651?
False
Is 3 a factor of 62281?
False
Is 475608 a multiple of 152?
True
Is 428247 a multiple of 271?
False
Does 120 divide 391920?
True
Is 473 a factor of 447626?
False
Is 5461773 a multiple of 87?
True
Does 34 divide 252464?
False
Is 19825164 a multiple of 1257?
False
Is 8783103 a multiple of 149?
True
Does 6 divide 631240?
False
Does 399 divide 155123?
False
Is 307 a factor of 201699?
True
Does 215 divide 109217?
False
Is 10 a factor of 1341112?
False
Does 22 divide 40608?
False
Is 386482 a multiple of 173?
True
Does 319 divide 50721?
True
Does 55 divide 104026?
False
Is 90 a factor of 10482549?
False
Does 307 divide 738070?
False
Is 2244836 a multiple of 44?
True
Does 4 divide 197273?
False
Does 251 divide 300006?
False
Is 1528 a factor of 2413276?
False
Is 720286 a multiple of 53?
False
Is 151320 a multiple of 260?
True
Does 37 divide 602172?
False
Is 12 a factor of 2208804?
True
Is 9513347 a multiple of 76?
False
Is 11 a factor of 353157?
False
Is 122868 a multiple of 3?
True
Is 1630233 a multiple of 33?
True
Is 106 a factor of 20214094?
True
Is 571 a factor of 954150?
False
Is 1766700 a multiple of 180?
True
Is 235 a factor of 115855?
True
Is 56589 a multiple of 10?
False
Does 11 divide 1898226?
True
Does 457 divide 7916?
False
Is 9 a factor of 4118?
False
Is 1062848 a multiple of 64?
True
Is 197 a factor of 478119?
True
Is 8 a factor of 51290?
False
Is 544418 a multiple of 61?
False
Does 24 divide 11360208?
True
Does 37 divide 372814?
False
Does 137 divide 9374910?
True
Is 588 a factor of 1458617?
False
Is 704 a factor of 11097650?
False
Is 53248 a multiple of 63?
False
Is 4 a factor of 8068176?
True
Is 20214932 a multiple of 8?
False
Is 361 a factor of 525977?
True
Is 143474 a multiple of 178?
False
Does 580 divide 1978380?
True
Does 232 divide 3294400?
True
Is 13 a factor of 120692?
True
Is 17584 a multiple of 56?
True
Does 167 divide 59118?
True
Does 6 divide 5719002?
True
Is 182 a factor of 13565370?
True
Does 221 divide 1598935?
True
Is 2929 even?
False
Is 108 a factor of 3182868?
True
Does 16 divide 731984?
True
Is 332100 a multiple of 900?
True
Is 114309 a multiple of 20?
False
Is 137772 a multiple of 356?
True
Does 75 divide 1323525?
True
Is 1363 a multiple of 107?
False
Is 136 a factor of 127432?
True
Does 5 divide 107180?
True
Is 35 a factor of 432145?
True
Does 29 divide 67802?
True
Is 1756050 a multiple of 46?
True
Is 3070679 a multiple of 107?
False
Is 11 a factor of 20973?
False
Does 222 divide 88356?
True
Is 158670 a multiple of 10?
True
Is 6 a factor of 608898?
True
Is 268 a factor of 6263696?
True
Is 462 a factor of 6810641?
False
Is 16 a factor of 266811?
False
Is 257200 a multiple of 643?
True
Does 74 divide 211196?
True
Is 17 a factor of 180523?
True
Is 14488788 a multiple of 2302?
True
Is 15 a factor of 132028?
False
Is 601066 a multiple of 563?
False
Is 5 a factor of 3052565?
True
Is 6 a factor of 34359?
False
Is 692960 a multiple of 7?
False
Is 12 a factor of 875160?
True
Does 66 divide 4919?
False
Does 8 divide 934373?
False
Does 23 divide 1706561?
False
Is 19 a factor of 587803?
True
Is 4 a factor of 185416?
True
Is 9 a factor of 4051755?
True
Is 16 a factor of 47776?
True
Does 121 divide 320892?
True
Is 568822 even?
True
Does 23 divide 7321958?
True
Is 8 a factor of 45932?
False
Is 50 a factor of 4168100?
True
Is 80171 a multiple of 7?
True
Is 14 a factor of 5656?
True
Is 8595 a multiple of 2?
False
Does 13 divide 1860495?
True
Is 40800 a multiple of 96?
True
Is 33 a factor of 71669?
False
Is 330 a factor of 65340?
True
Is 15 a factor of 5186190?
True
Is 2 a factor of 221875?
False
Is 18 a factor of 3072546?
True
Is 2979590 a multiple of 193?
False
Is 125 a factor of 8749875?
True
Is 10 a factor of 185220?
True
Does 90 divide 823050?
True
Is 164830 a multiple of 311?
True
Does 4 divide 60556?
True
Does 7 divide 3598242?
False
Does 10 divide 991210?
True
Does 33 divide 171630?
False
Is 36 a factor of 3518820?
True
Does 18 divide 10305657?
False
Is 41 a factor of 170224?
False
Is 10 a factor of 709683?
False
Is 476719 a multiple of 13?
False
Is 8647254 a multiple of 1683?
True
Is 5003401 a multiple of 5?
False
Is 16 a factor of 7611392?
True
Is 2 a factor of 640672?
True
Is 309408 a multiple of 44?
True
Is 235150 a multiple of 8?
False
Is 26 a factor of 350792?
True
Is 18 a factor of 415085?
False
Is 10 a factor of 3256559?
False
Is 139 a factor of 105223?
True
Does 16 divide 51040?
True
Is 10414 a multiple of 254?
True
Is 59705 a multiple of 2?
False
Is 7772928 a multiple of 87?
True
Does 431 divide 16523226?
False
Does 11 divide 38107?
False
Does 2 divide 9390?
True
Is 32320 a multiple of 32?
True
Is 312 a factor of 380916?
False
Does 26 divide 496938?
True
Is 187 a factor of 119192?
False
Is 377 a factor of 81055?
True
Is 322734 a multiple of 3?
True
Is 41460 a multiple of 5?
True
Does 175 divide 990046?
False
Is 89 a factor of 299485?
True
Does 2 divide 34062?
True
Is 252918 a multiple of 8?
False
Is 114 a factor of 83521?
False
Does 20 divide 25540?
True
Is 53893 a multiple of 4?
False
Is 8 a factor of 14094?
False
Does 22 divide 32794?
False
Is 140793 a multiple of 182?
False
Is 39 a factor of 2093575?
False
Is 4 a factor of 29724?
True
Does 6 divide 305196?
True
Does 116 divide 2767?
False
Does 11 divide 1296372?
True
Does 1522 divide 9666222?
True
Is 40 a factor of 36160?
True
Does 3 divide 649076?
False
Is 114394 a multiple of 18?
False
Does 946 divide 85181?
False
Is 13496 a multiple of 66?
False
Is 784363 a multiple of 629?
True
Is 9244506 a multiple of 27?
False
Does 32 divide 47477?
False
Is 6734 a multiple of 3?
False
Is 306 a factor of 111078?
True
Does 182 divide 1812720?
True
Is 247 a factor of 1456222?
False
Does 178 divide 46576?
False
Does 4 divide 96011?
False
Is 231256 a multiple of 102?
False
Is 50942 a multiple of 70?
False
Is 16 a factor of 4924400?
True
Is 14061 a multiple of 105?
False
Is 300061 a multiple of 239?
False
Does 28 divide 386556?
False
Is 41 a factor of 668259?
True
Is 26879 a multiple of 5?
False
Is 5 a factor of 534201?
False
Does 10 divide 1050250?
True
Is 2283973 a multiple of 922?
False
Is 4340952 a multiple of 198?
True
Does 4 divide 1614801?
False
Does 193 divide 64655?
True
Does 6 divide 250398?
True